436.
2, 3, 7, 29
What are the prime factors of 89337?
3, 97, 307
What are the prime factors of 738?
2, 3, 41
List the prime factors of 1692.
2, 3, 47
List the prime factors of 1845.
3, 5, 41
List the prime factors of 1054.
2, 17, 31
What are the prime factors of 52718?
2, 43, 613
What are the prime factors of 974?
2, 487
List the prime factors of 409.
409
What are the prime factors of 2387?
7, 11, 31
List the prime factors of 418.
2, 11, 19
List the prime factors of 163320.
2, 3, 5, 1361
What are the prime factors of 2139?
3, 23, 31
List the prime factors of 1097.
1097
What are the prime factors of 174?
2, 3, 29
List the prime factors of 179.
179
What are the prime factors of 15116?
2, 3779
What are the prime factors of 18452?
2, 7, 659
List the prime factors of 50974.
2, 7, 11, 331
List the prime factors of 16373.
7, 2339
List the prime factors of 140486.
2, 19, 3697
List the prime factors of 1408.
2, 11
What are the prime factors of 1617?
3, 7, 11
List the prime factors of 15170.
2, 5, 37, 41
List the prime factors of 8794.
2, 4397
List the prime factors of 1070.
2, 5, 107
What are the prime factors of 618?
2, 3, 103
List the prime factors of 15831.
3, 1759
What are the prime factors of 29866?
2, 109, 137
What are the prime factors of 2152?
2, 269
What are the prime factors of 10097?
23, 439
What are the prime factors of 12315?
3, 5, 821
List the prime factors of 182315.
5, 7, 5209
List the prime factors of 12329.
12329
What are the prime factors of 36674?
2, 11, 1667
List the prime factors of 67.
67
What are the prime factors of 143262?
2, 3, 7, 379
What are the prime factors of 4040?
2, 5, 101
What are the prime factors of 1682?
2, 29
What are the prime factors of 1854?
2, 3, 103
What are the prime factors of 2860?
2, 5, 11, 13
What are the prime factors of 34503?
3, 7, 31, 53
What are the prime factors of 2852?
2, 23, 31
What are the prime factors of 1668?
2, 3, 139
What are the prime factors of 2516?
2, 17, 37
List the prime factors of 875.
5, 7
List the prime factors of 40366.
2, 20183
What are the prime factors of 3914?
2, 19, 103
What are the prime factors of 525?
3, 5, 7
List the prime factors of 22073.
22073
List the prime factors of 15546.
2, 3, 2591
What are the prime factors of 6306?
2, 3, 1051
What are the prime factors of 14877?
3, 19, 29
What are the prime factors of 11050?
2, 5, 13, 17
What are the prime factors of 11945?
5, 2389
What are the prime factors of 2118?
2, 3, 353
List the prime factors of 13378.
2, 6689
What are the prime factors of 822?
2, 3, 137
What are the prime factors of 545?
5, 109
What are the prime factors of 2234?
2, 1117
List the prime factors of 625.
5
List the prime factors of 1008.
2, 3, 7
What are the prime factors of 17547?
3, 5849
What are the prime factors of 1585?
5, 317
List the prime factors of 7860.
2, 3, 5, 131
What are the prime factors of 2405?
5, 13, 37
What are the prime factors of 43?
43
What are the prime factors of 4629?
3, 1543
What are the prime factors of 32429?
32429
List the prime factors of 17354.
2, 8677
List the prime factors of 8045.
5, 1609
List the prime factors of 3856.
2, 241
List the prime factors of 947.
947
What are the prime factors of 19534?
2, 9767
List the prime factors of 818.
2, 409
List the prime factors of 35560.
2, 5, 7, 127
List the prime factors of 762.
2, 3, 127
List the prime factors of 1445.
5, 17
What are the prime factors of 11938?
2, 47, 127
List the prime factors of 91226.
2, 45613
What are the prime factors of 13620?
2, 3, 5, 227
List the prime factors of 87288.
2, 3, 3637
What are the prime factors of 16339?
16339
What are the prime factors of 26095?
5, 17, 307
List the prime factors of 1384.
2, 173
What are the prime factors of 22664?
2, 2833
List the prime factors of 8220.
2, 3, 5, 137
What are the prime factors of 1095?
3, 5, 73
List the prime factors of 46525.
5, 1861
List the prime factors of 2374.
2, 1187
List the prime factors of 1403.
23, 61
List the prime factors of 48258.
2, 3, 7, 383
What are the prime factors of 1857?
3, 619
List the prime factors of 2691.
3, 13, 23
What are the prime factors of 2840?
2, 5, 71
List the prime factors of 628.
2, 157
List the prime factors of 79.
79
What are the prime factors of 406?
2, 7, 29
What are the prime factors of 814?
2, 11, 37
What are the prime factors of 84213?
3, 3119
List the prime factors of 1944.
2, 3
List the prime factors of 16930.
2, 5, 1693
What are the prime factors of 38463?
3, 12821
What are the prime factors of 50397?
3, 107, 157
List the prime factors of 5295.
3, 5, 353
What are the prime factors of 47607?
3, 7, 2267
What are the prime factors of 4095?
3, 5, 7, 13
List the prime factors of 1067.
11, 97
What are the prime factors of 428?
2, 107
List the prime factors of 543.
3, 181
What are the prime factors of 2090?
2, 5, 11, 19
List the prime factors of 3177.
3, 353
List the prime factors of 12475.
5, 499
List the prime factors of 10587.
3, 3529
List the prime factors of 309.
3, 103
What are the prime factors of 20632?
2, 2579
List the prime factors of 3637.
3637
List the prime factors of 849.
3, 283
List the prime factors of 20081.
43, 467
List the prime factors of 85511.
233, 367
What are the prime factors of 39939?
3, 13313
List the prime factors of 3544.
2, 443
What are the prime factors of 3303?
3, 367
List the prime factors of 32343.
3, 10781
List the prime factors of 212.
2, 53
List the prime factors of 4651.
4651
What are the prime factors of 25010?
2, 5, 41, 61
What are the prime factors of 165071?
23, 7177
List the prime factors of 1327.
1327
What are the prime factors of 146396?
2, 36599
What are the prime factors of 2186?
2, 1093
List the prime factors of 6642.
2, 3, 41
List the prime factors of 3601.
13, 277
List the prime factors of 106428.
2, 3, 7, 181
List the prime factors of 1895.
5, 379
List the prime factors of 4361.
7, 89
List the prime factors of 21212.
2, 5303
List the prime factors of 7655.
5, 1531
List the prime factors of 7867.
7867
List the prime factors of 42952.
2, 7, 13, 59
List the prime factors of 72764.
2, 18191
List the prime factors of 2252.
2, 563
What are the prime factors of 15844?
2, 17, 233
What are the prime factors of 4351?
19, 229
List the prime factors of 5313.
3, 7, 11, 23
List the prime factors of 939.
3, 313
What are the prime factors of 50030?
2, 5, 5003
List the prime factors of 959.
7, 137
What are the prime factors of 4905?
3, 5, 109
List the prime factors of 1228.
2, 307
List the prime factors of 27214.
2, 11, 1237
What are the prime factors of 104590?
2, 5, 10459
What are the prime factors of 14925?
3, 5, 199
List the prime factors of 1449.
3, 7, 23
What are the prime factors of 387?
3, 43
List the prime factors of 11663.
107, 109
What are the prime factors of 2521?
2521
List the prime factors of 824.
2, 103
What are the prime factors of 97543?
23, 4241
What are the prime factors of 725?
5, 29
List the prime factors of 9897.
3, 3299
List the prime factors of 1302.
2, 3, 7, 31
What are the prime factors of 191751?
3, 7, 23, 397
What are the prime factors of 6976?
2, 109
List the prime factors of 7139.
11, 59
List the prime factors of 103575.
3, 5, 1381
What are the prime factors of 4661?
59, 79
What are the prime factors of 5?
5
List the prime factors of 4111.
4111
What are the prime factors of 2021?
43, 47
List the prime factors of 8917.
37, 241
List the prime factors of 509.
509
What are the prime factors of 921?
3, 307
What are the prime factors of 7423?
13, 571
What are the prime factors of 57299?
11, 5209
List the prime factors of 3405.
3, 5, 227
List the prime factors of 2558.
2, 1279
What are the prime factors of 67741?
67741
What are the prime factors of 3406?
2, 13, 131
What are the prime factors of 29896?
2, 37, 101
List the prime factors of 2571.
3, 857
List the prime factors of 63639.
3, 2357
List the prime factors of 44732.
2, 53, 211
List the prime factors of 134.
2, 67
List the prime factors of 2126.
2, 1063
List the prime factors of 1383.
3, 461
What are the prime factors of 4766?
2, 2383
What are the prime factors of 3164?
2, 7, 113
List the prime factors of 29895.
3, 5, 1993
What are the prime factors of 2248?
2, 281
List the prime factors of 1394.
2, 17, 41
What are the prime factors of 1864?
2, 233
What ar